{"id":107,"date":"2017-05-21T13:03:28","date_gmt":"2017-05-21T11:03:28","guid":{"rendered":"https:\/\/www.awo-arzberg.de\/?page_id=107"},"modified":"2026-03-07T00:29:44","modified_gmt":"2026-03-06T23:29:44","slug":"geschaeftsstelle","status":"publish","type":"page","link":"https:\/\/www.awo-arzberg.de\/?page_id=107","title":{"rendered":"Kontakt &#038; Service"},"content":{"rendered":"<h2 data-path-to-node=\"5,0\"><span style=\"font-family: arial, helvetica, sans-serif;\"><b data-path-to-node=\"5,0\" data-index-in-node=\"0\">Wir sind f\u00fcr Sie da!<\/b><\/span><\/h2>\n<p data-path-to-node=\"3\"><span style=\"font-family: arial, helvetica, sans-serif;\">Haben Sie Fragen, Ideen oder ein besonderes Anliegen an die <b data-path-to-node=\"3\" data-index-in-node=\"60\">AWO Arzberg<\/b>? Ein pers\u00f6nlicher Austausch ist uns wichtig. Egal, ob Sie sich \u00fcber unsere Angebote informieren m\u00f6chten, Unterst\u00fctzung suchen oder selbst aktiv werden wollen \u2013 z\u00f6gern Sie nicht, uns anzusprechen. Wir freuen uns darauf, von Ihnen zu h\u00f6ren!<\/span><\/p>\n<p><img fetchpriority=\"high\" decoding=\"async\" class=\"wp-image-209 size-medium aligncenter\" src=\"https:\/\/www.awo-arzberg.de\/wp-content\/uploads\/2017\/05\/Haus-1-400x225.jpg\" alt=\"\" width=\"400\" height=\"225\" \/><\/p>\n<hr data-path-to-node=\"4\" \/>\n<p data-path-to-node=\"5\"><span style=\"font-family: arial, helvetica, sans-serif; font-size: 18pt;\"><b data-path-to-node=\"5\" data-index-in-node=\"0\">Kontakt zur Gesch<\/b><\/span><b style=\"font-family: arial, helvetica, sans-serif; font-size: 18pt;\" data-path-to-node=\"5\" data-index-in-node=\"0\">\u00e4f<\/b><b style=\"font-family: arial, helvetica, sans-serif; font-size: 18pt;\" data-path-to-node=\"5\" data-index-in-node=\"0\">tsstelle<\/b><\/p>\n<p data-path-to-node=\"6\"><span style=\"font-family: arial, helvetica, sans-serif;\"><b data-path-to-node=\"6\" data-index-in-node=\"0\">AWO Arzberg e.V.<\/b> <\/span><\/p>\n<p data-path-to-node=\"6\"><span style=\"font-family: arial, helvetica, sans-serif;\">Thiersheimer Stra\u00dfe 1 | 95659 Arzberg<\/span><\/p>\n<p data-path-to-node=\"7\"><span style=\"font-family: arial, helvetica, sans-serif;\"><b data-path-to-node=\"7\" data-index-in-node=\"0\">Tel:<\/b> 09233 400 96-0<\/span><\/p>\n<p data-path-to-node=\"8\"><span style=\"font-family: arial, helvetica, sans-serif;\"><b data-path-to-node=\"8\" data-index-in-node=\"0\">Fax:<\/b> 09233 400 96-69<\/span><\/p>\n<p data-path-to-node=\"9\"><span style=\"font-family: arial, helvetica, sans-serif; font-size: 12pt;\"><a href=\"mailto:wagner@awo-arzberg.de\">E-Mail schreiben<\/a><\/span><\/p>\n<hr data-path-to-node=\"4\" \/>\n<p data-path-to-node=\"11\"><span style=\"font-family: arial, helvetica, sans-serif; font-size: 18pt;\"><b data-path-to-node=\"11\" data-index-in-node=\"0\">\u00d6ffnungszeiten &amp; Ansprechpartner<\/b><\/span><\/p>\n<p data-path-to-node=\"12\"><span style=\"font-family: arial, helvetica, sans-serif;\"><b data-path-to-node=\"12\" data-index-in-node=\"0\">Gesch\u00e4ftsstelle<\/b><\/span><\/p>\n<p data-path-to-node=\"13\"><span style=\"font-family: arial, helvetica, sans-serif;\">Unsere B\u00fcror\u00e4ume sind von <b data-path-to-node=\"13\" data-index-in-node=\"26\">Montag bis Freitag zwischen 08:00 und 12:00 Uhr<\/b> f\u00fcr Sie ge\u00f6ffnet.<\/span><\/p>\n<p data-path-to-node=\"14\"><span style=\"font-family: arial, helvetica, sans-serif;\"><b data-path-to-node=\"14\" data-index-in-node=\"0\">Ihre pers\u00f6nlichen Kontakte in der Verwaltung:<\/b><\/span><\/p>\n<ul data-path-to-node=\"15\">\n<li>\n<p data-path-to-node=\"15,0,0\"><span style=\"font-family: arial, helvetica, sans-serif;\"><b data-path-to-node=\"15,0,0\" data-index-in-node=\"0\">Martina F\u00fcrst:<\/b> 09233 \/ 400 96-21<\/span><\/p>\n<\/li>\n<li>\n<p data-path-to-node=\"15,1,0\"><span style=\"font-family: arial, helvetica, sans-serif;\"><b data-path-to-node=\"15,1,0\" data-index-in-node=\"0\">Bianca Kliewer:<\/b> 09233 \/ 400 96-24<\/span><\/p>\n<\/li>\n<\/ul>\n<hr data-path-to-node=\"4\" \/>\n<p data-path-to-node=\"16\"><span style=\"font-family: arial, helvetica, sans-serif;\"><b data-path-to-node=\"16\" data-index-in-node=\"0\">Ambulanter Pflegedienst:<\/b> <\/span><\/p>\n<p data-path-to-node=\"16\"><span style=\"font-family: arial, helvetica, sans-serif;\">Unser Pflegedienst-B\u00fcro ist ebenfalls von Montag bis Freitag (08:00 \u2013 12:00 Uhr) besetzt.<\/span><\/p>\n<p data-path-to-node=\"16\"><span style=\"font-family: arial, helvetica, sans-serif;\">Ihr Kontakt im Pflegedienstleitung:<\/span><\/p>\n<p data-path-to-node=\"16\"><span style=\"font-family: arial, helvetica, sans-serif;\">Michaela Kinadeter<\/span><\/p>\n<ul data-path-to-node=\"17\">\n<li>\n<p data-path-to-node=\"17,0,0\"><span style=\"font-family: arial, helvetica, sans-serif;\"><b data-path-to-node=\"17,0,0\" data-index-in-node=\"0\">Telefon:<\/b> 09233 \/ 400 96-31<\/span><\/p>\n<\/li>\n<li><span style=\"font-family: arial, helvetica, sans-serif;\"><a href=\"pflegedienst@awo-wunsiedel.org\">E-Mail schreiben<\/a><\/span><\/li>\n<\/ul>\n<hr data-path-to-node=\"18\" \/>\n<p data-path-to-node=\"19\"><span style=\"font-family: arial, helvetica, sans-serif;\"><b data-path-to-node=\"19\" data-index-in-node=\"0\">Fl\u00fcchtlings- und Integrationsberatung<\/b><\/span><\/p>\n<p data-path-to-node=\"20\"><span style=\"font-family: arial, helvetica, sans-serif;\">Beratungen finden nach vorheriger telefonischer Terminvereinbarung statt. Sie erreichen uns flexibel \u00fcber folgende Wege:<\/span><\/p>\n<p data-path-to-node=\"20\"><span style=\"font-family: arial, helvetica, sans-serif;\">Ihr Kontakt zur Beratung:<\/span><\/p>\n<p data-path-to-node=\"20\"><span style=\"font-family: arial, helvetica, sans-serif;\">Hanna Keding<\/span><\/p>\n<ul data-path-to-node=\"21\">\n<li>\n<p data-path-to-node=\"21,0,0\"><span style=\"font-family: arial, helvetica, sans-serif;\"><b data-path-to-node=\"21,0,0\" data-index-in-node=\"0\">Telefon:<\/b> 09233 \/ 400 96-22<\/span><\/p>\n<\/li>\n<li>\n<p data-path-to-node=\"21,1,0\"><span style=\"font-family: arial, helvetica, sans-serif;\"><b data-path-to-node=\"21,1,0\" data-index-in-node=\"0\">Mobil &amp; WhatsApp:<\/b> 0172 \/ 5742430<\/span><\/p>\n<\/li>\n<li>\n<p data-path-to-node=\"21,2,0\"><span style=\"font-family: arial, helvetica, sans-serif;\"><b data-path-to-node=\"21,2,0\" data-index-in-node=\"0\"><a href=\"hanna.keding@awo-wunsiedel.org\">E-Mail schreiben<\/a><\/b><\/span><\/p>\n<\/li>\n<\/ul>\n<p>&nbsp;<\/p>\n<p>&nbsp;<\/p>\n","protected":false},"excerpt":{"rendered":"<p>Wir sind f\u00fcr Sie da! Haben Sie Fragen, Ideen oder ein besonderes Anliegen an die AWO Arzberg? Ein pers\u00f6nlicher Austausch ist uns wichtig. Egal, ob Sie sich \u00fcber unsere Angebote informieren m\u00f6chten, Unterst\u00fctzung suchen oder selbst aktiv werden wollen \u2013 z\u00f6gern Sie nicht, uns anzusprechen. Wir freuen uns darauf, von Ihnen zu h\u00f6ren! Kontakt zur [&hellip;]<\/p>\n","protected":false},"author":1,"featured_media":0,"parent":39,"menu_order":3,"comment_status":"closed","ping_status":"closed","template":"","meta":{"footnotes":""},"class_list":["post-107","page","type-page","status-publish","hentry"],"_links":{"self":[{"href":"https:\/\/www.awo-arzberg.de\/index.php?rest_route=\/wp\/v2\/pages\/107","targetHints":{"allow":["GET"]}}],"collection":[{"href":"https:\/\/www.awo-arzberg.de\/index.php?rest_route=\/wp\/v2\/pages"}],"about":[{"href":"https:\/\/www.awo-arzberg.de\/index.php?rest_route=\/wp\/v2\/types\/page"}],"author":[{"embeddable":true,"href":"https:\/\/www.awo-arzberg.de\/index.php?rest_route=\/wp\/v2\/users\/1"}],"replies":[{"embeddable":true,"href":"https:\/\/www.awo-arzberg.de\/index.php?rest_route=%2Fwp%2Fv2%2Fcomments&post=107"}],"version-history":[{"count":50,"href":"https:\/\/www.awo-arzberg.de\/index.php?rest_route=\/wp\/v2\/pages\/107\/revisions"}],"predecessor-version":[{"id":2235,"href":"https:\/\/www.awo-arzberg.de\/index.php?rest_route=\/wp\/v2\/pages\/107\/revisions\/2235"}],"up":[{"embeddable":true,"href":"https:\/\/www.awo-arzberg.de\/index.php?rest_route=\/wp\/v2\/pages\/39"}],"wp:attachment":[{"href":"https:\/\/www.awo-arzberg.de\/index.php?rest_route=%2Fwp%2Fv2%2Fmedia&parent=107"}],"curies":[{"name":"wp","href":"https:\/\/api.w.org\/{rel}","templated":true}]}}