{"id":111,"date":"2017-05-21T13:04:27","date_gmt":"2017-05-21T11:04:27","guid":{"rendered":"https:\/\/www.awo-arzberg.de\/?page_id=111"},"modified":"2026-02-28T11:01:59","modified_gmt":"2026-02-28T10:01:59","slug":"mitglied","status":"publish","type":"page","link":"https:\/\/www.awo-arzberg.de\/?page_id=111","title":{"rendered":"Teil der AWO werden"},"content":{"rendered":"<p class=\"lead\"><span style=\"font-family: arial,helvetica,sans-serif; font-size: 12pt;\"><strong>Werden Sie Mitglied<\/strong><\/span><\/p>\n<p class=\"lead\"><span style=\"font-family: arial,helvetica,sans-serif; font-size: 12pt;\"><strong>Wir wollen viel bewegen. Machen Sie mit und werden Sie Mitglied in einer starken Gemeinschaft!<\/strong><\/span><\/p>\n<p class=\"lead\"><span style=\"font-family: arial,helvetica,sans-serif; font-size: 12pt;\">Bei uns finden sich Menschen als Mitglieder und als ehrenamtlich oder hauptamtlich Aktive zusammen, um bei der Bew\u00e4ltigung sozialer Probleme und Aufgaben mitzuwirken und f\u00fcr eine sozialgerechte Gesellschaft einzutreten.<\/span><\/p>\n<p class=\"lead\"><span style=\"font-family: arial,helvetica,sans-serif; font-size: 12pt;\">Werden auch Sie Teil dieser herzlichen Gemeinschaft und tragen Sie dazu bei, dass die AWO ihre Arbeit fortf\u00fchren kann!<\/span><\/p>\n<hr \/>\n<p class=\"lead\"><span style=\"color: #000000; font-family: arial,helvetica,sans-serif; font-size: 12pt;\"><strong>Gute Gr\u00fcnde sprechen f\u00fcr eine Mitgliedschaft bei uns<\/strong><\/span><\/p>\n<ul style=\"list-style-type: circle;\">\n<li><span style=\"font-family: arial,helvetica,sans-serif; font-size: 12pt;\"><img fetchpriority=\"high\" decoding=\"async\" class=\"wp-image-299 alignright\" src=\"https:\/\/www.awo-arzberg.de\/wp-content\/uploads\/2017\/05\/Gruppen_Haende_123rtf-400x267.jpg\" width=\"470\" height=\"314\" srcset=\"https:\/\/www.awo-arzberg.de\/wp-content\/uploads\/2017\/05\/Gruppen_Haende_123rtf-400x267.jpg 400w, https:\/\/www.awo-arzberg.de\/wp-content\/uploads\/2017\/05\/Gruppen_Haende_123rtf-768x512.jpg 768w, https:\/\/www.awo-arzberg.de\/wp-content\/uploads\/2017\/05\/Gruppen_Haende_123rtf-90x60.jpg 90w, https:\/\/www.awo-arzberg.de\/wp-content\/uploads\/2017\/05\/Gruppen_Haende_123rtf.jpg 848w\" sizes=\"(max-width: 470px) 100vw, 470px\" \/>Bei der AWO ist jeder Mensch herzlich willkommen, unabh\u00e4ngig von Geschlecht, Herkunft, Religion oder gesellschaftlichem Status.<\/span><\/li>\n<li><span style=\"font-family: arial,helvetica,sans-serif; font-size: 12pt;\">Menschen aller Altersgruppen werden von unseren Fachkr\u00e4ften ihren Bed\u00fcrfnissen entsprechend betreut.<\/span><\/li>\n<li><span style=\"font-family: arial,helvetica,sans-serif; font-size: 12pt;\">Mit einer Mitgliedschaft unterst\u00fctzen Sie unsere qualitativ hochwertige Arbeit vor Ort finanziell und ideell. Zudem erm\u00f6glichen Sie auch den Ausbau weiterer Angebote.<\/span><\/li>\n<li><span style=\"font-family: arial,helvetica,sans-serif; font-size: 12pt;\">Hilfe zur Selbsthilfe ist oftmals die wertvollste Unterst\u00fctzung. Wir zeigen L\u00f6sungen auf, ein selbstbestimmtes und selbstst\u00e4ndiges Leben zu f\u00fchren und helfen tatkr\u00e4ftig dabei.<\/span><\/li>\n<li><span style=\"font-family: arial,helvetica,sans-serif; font-size: 12pt;\">Wir bieten nicht nur praktische Hilfe, sondern setzen uns auch in Politik und Wirtschaft f\u00fcr eine sozialgerechtere Gesellschaft ein. Mit Ihrer Mitgliedschaft und Ihrem Engagement tragen Sie also auch zu einer besseren sozialen Gesellschaft bei.<\/span><\/li>\n<\/ul>\n<p>&nbsp;<\/p>\n<p style=\"text-align: justify;\"><span style=\"font-family: arial,helvetica,sans-serif; font-size: 12pt;\"><strong>Gemeinsam k\u00f6nnen wir viel mehr erreichen<\/strong><\/span><br \/>\n<span style=\"font-family: arial,helvetica,sans-serif; font-size: 12pt;\">Damit wir in unserer Region unser Leben besser gestalten k\u00f6nnen brauchen wir Sie als Mitglied! Denn mit Ihrem Engagement und Mitgliedsbeitrag kann die AWO dort stark sein, wo Hilfe dringend gebraucht wird. Bei uns k\u00f6nnen Sie mitbestimmen und mitgestalten! Je mehr Mitglieder, desto mehr finanzielle M\u00f6glichkeiten und desto mehr gesellschaftlichen Einfluss haben wir, um als Verband unsere Ziele durchsetzen zu k\u00f6nnen. Ziele wie: <em><strong>Toleranz, Gerechtigkeit und ein solidarisches Miteinander<\/strong><\/em>.<\/span><\/p>\n<p style=\"text-align: justify;\"><span style=\"font-family: arial,helvetica,sans-serif; font-size: 12pt;\">Durch Ihren Mitgliedsbeitrag unterst\u00fctzen Sie die soziale Arbeit der AWO in Ihrer Region. Sie helfen uns, unsere Leistungen auf einem hohem Qualit\u00e4tsniveau f\u00fcr alle Menschen anbieten zu k\u00f6nnen. Und das alles bereits ab einem Monatsbeitrag von 2,50 Euro.<\/span><\/p>\n<p style=\"text-align: justify;\"><span style=\"font-family: arial,helvetica,sans-serif; font-size: 12pt;\">Werden auch Sie als Mitglied Teil\u00a0 einer starken Gemeinschaft &#8211;\u00a0 Sie sind bei uns herzlich willkommen &#8211; als Einzelmitglied oder mit einer Familienmitgliedschaft.<\/span><\/p>\n<table>\n<tbody>\n<tr>\n<td><span style=\"font-family: arial,helvetica,sans-serif; font-size: 12pt;\">\u00a0<img decoding=\"async\" class=\"alignnone wp-image-327\" src=\"https:\/\/www.awo-arzberg.de\/wp-content\/uploads\/2017\/05\/DSCN6841-400x300.jpg\" alt=\"\" width=\"300\" height=\"225\" \/><\/span><\/td>\n<td><span style=\"font-family: arial,helvetica,sans-serif; font-size: 12pt;\">\u00a0<img decoding=\"async\" class=\"alignnone wp-image-328\" src=\"https:\/\/www.awo-arzberg.de\/wp-content\/uploads\/2017\/05\/PVH0287-400x267.jpg\" alt=\"\" width=\"338\" height=\"225\" \/><\/span><\/td>\n<\/tr>\n<\/tbody>\n<\/table>\n<p>&nbsp;<\/p>\n<h4><span style=\"color: #000000; font-family: arial,helvetica,sans-serif; font-size: 12pt;\">So einfach werden Sie Mitglied<\/span><\/h4>\n<p><span style=\"font-family: arial,helvetica,sans-serif; font-size: 12pt;\">Folgen Sie den Link und werden online Mitglied ( <a href=\"https:\/\/www.awo-arzberg.de\/?page_id=883\">Mitglied werden<\/a> )\u00a0<\/span><\/p>\n","protected":false},"excerpt":{"rendered":"<p>Werden Sie Mitglied Wir wollen viel bewegen. Machen Sie mit und werden Sie Mitglied in einer starken Gemeinschaft! Bei uns finden sich Menschen als Mitglieder und als ehrenamtlich oder hauptamtlich Aktive zusammen, um bei der Bew\u00e4ltigung sozialer Probleme und Aufgaben mitzuwirken und f\u00fcr eine sozialgerechte Gesellschaft einzutreten. Werden auch Sie Teil dieser herzlichen Gemeinschaft und [&hellip;]<\/p>\n","protected":false},"author":1,"featured_media":0,"parent":39,"menu_order":5,"comment_status":"closed","ping_status":"closed","template":"","meta":{"footnotes":""},"class_list":["post-111","page","type-page","status-publish","hentry"],"_links":{"self":[{"href":"https:\/\/www.awo-arzberg.de\/index.php?rest_route=\/wp\/v2\/pages\/111","targetHints":{"allow":["GET"]}}],"collection":[{"href":"https:\/\/www.awo-arzberg.de\/index.php?rest_route=\/wp\/v2\/pages"}],"about":[{"href":"https:\/\/www.awo-arzberg.de\/index.php?rest_route=\/wp\/v2\/types\/page"}],"author":[{"embeddable":true,"href":"https:\/\/www.awo-arzberg.de\/index.php?rest_route=\/wp\/v2\/users\/1"}],"replies":[{"embeddable":true,"href":"https:\/\/www.awo-arzberg.de\/index.php?rest_route=%2Fwp%2Fv2%2Fcomments&post=111"}],"version-history":[{"count":33,"href":"https:\/\/www.awo-arzberg.de\/index.php?rest_route=\/wp\/v2\/pages\/111\/revisions"}],"predecessor-version":[{"id":2118,"href":"https:\/\/www.awo-arzberg.de\/index.php?rest_route=\/wp\/v2\/pages\/111\/revisions\/2118"}],"up":[{"embeddable":true,"href":"https:\/\/www.awo-arzberg.de\/index.php?rest_route=\/wp\/v2\/pages\/39"}],"wp:attachment":[{"href":"https:\/\/www.awo-arzberg.de\/index.php?rest_route=%2Fwp%2Fv2%2Fmedia&parent=111"}],"curies":[{"name":"wp","href":"https:\/\/api.w.org\/{rel}","templated":true}]}}