{"id":1237,"date":"2020-08-19T12:02:38","date_gmt":"2020-08-19T10:02:38","guid":{"rendered":"https:\/\/www.awo-arzberg.de\/?page_id=1237"},"modified":"2020-11-17T10:53:18","modified_gmt":"2020-11-17T09:53:18","slug":"menschen-staerken-menschen","status":"publish","type":"page","link":"https:\/\/www.awo-arzberg.de\/?page_id=1237","title":{"rendered":"Menschen st\u00e4rken Menschen"},"content":{"rendered":"<p><span style=\"font-family: arial,helvetica,sans-serif; font-size: 12pt;\">Viele B\u00fcrgerinnen und B\u00fcrger engagieren sich f\u00fcr andere Menschen. Dieses Engagement unterst\u00fctzt das Bundesprogramm \u201eMenschen st\u00e4rken Menschen\u201c. Das Bundesfamilienministerium f\u00f6rdert und unterst\u00fctzt damit b\u00fcrgerschaftliches Engagement in Form von Patenschaften. Seit 2018 unterst\u00fctzt das Programm neben Gefl\u00fcchteten auch Patenschaften f\u00fcr Menschen, die sich in benachteiligenden Lebenssituationen befinden.<\/span><\/p>\n<p><span style=\"font-family: arial,helvetica,sans-serif; font-size: 12pt;\">Und seit 2019 ist auch der Ortsverein der AWO Arzberg e.V. mit dabei und einer von vielen Standorten in Deutschland an denen Menschen andere Menschen st\u00e4rken. Das passiert bei uns im Rahmen der Aktionen der AWO Kids, der Aktivit\u00e4ten jeden Samstag an der Tafel und in Patenschafte<\/span><span style=\"font-family: arial,helvetica,sans-serif; font-size: 12pt;\">n f\u00fc<\/span><span style=\"font-family: arial,helvetica,sans-serif; font-size: 12pt;\">r Ge<\/span><span style=\"font-family: arial, helvetica, sans-serif; font-size: 12pt;\">fl\u00fcchtete in Arzberg.\u00a0<\/span><\/p>\n<div id='gallery-1' class='gallery galleryid-1237 gallery-columns-1 gallery-size-medium'><figure class='gallery-item'>\n\t\t\t<div class='gallery-icon landscape'>\n\t\t\t\t<a href='https:\/\/www.awo-arzberg.de\/wp-content\/uploads\/2020\/11\/IMG_0192.jpg'><img fetchpriority=\"high\" decoding=\"async\" width=\"400\" height=\"267\" src=\"https:\/\/www.awo-arzberg.de\/wp-content\/uploads\/2020\/11\/IMG_0192-400x267.jpg\" class=\"attachment-medium size-medium\" alt=\"\" aria-describedby=\"gallery-1-1262\" srcset=\"https:\/\/www.awo-arzberg.de\/wp-content\/uploads\/2020\/11\/IMG_0192-400x267.jpg 400w, https:\/\/www.awo-arzberg.de\/wp-content\/uploads\/2020\/11\/IMG_0192-768x512.jpg 768w, https:\/\/www.awo-arzberg.de\/wp-content\/uploads\/2020\/11\/IMG_0192-1024x683.jpg 1024w, https:\/\/www.awo-arzberg.de\/wp-content\/uploads\/2020\/11\/IMG_0192-90x60.jpg 90w\" sizes=\"(max-width: 400px) 100vw, 400px\" \/><\/a>\n\t\t\t<\/div>\n\t\t\t\t<figcaption class='wp-caption-text gallery-caption' id='gallery-1-1262'>\n\t\t\t\tAWO Kids mit Urkunden \n\t\t\t\t<\/figcaption><\/figure>\n\t\t<\/div>\n\n<p style=\"text-align: justify;\"><span style=\"font-family: arial,helvetica,sans-serif; font-size: 12pt;\">Mehr Infos daz<\/span><span style=\"font-family: arial, helvetica, sans-serif; font-size: 12pt;\">u bei Hanna Keding oder Steffi Wagner.<\/span><\/p>\n<p><span style=\"font-family: arial,helvetica,sans-serif; font-size: 12pt;\">Mehr zum Projekt auf Bundeseben <a href=\"https:\/\/www.bmfsfj.de\/bmfsfj\/themen\/engagement-und-gesellschaft\/engagement-staerken\/menschen-staerken-menschen\">hier<\/a><\/span><\/p>\n<p><img decoding=\"async\" class=\"alignnone wp-image-1233\" src=\"https:\/\/www.awo-arzberg.de\/wp-content\/uploads\/2020\/08\/MSM_Patenschaftsprogramm_Logo_RGB-400x400.jpg\" alt=\"\" width=\"274\" height=\"250\" \/> <img decoding=\"async\" class=\"alignnone wp-image-1232\" src=\"https:\/\/www.awo-arzberg.de\/wp-content\/uploads\/2020\/08\/BMFSFJ-gef\u00f6rdert-vom-400x282.jpg\" alt=\"\" width=\"295\" height=\"217\" \/><\/p>\n","protected":false},"excerpt":{"rendered":"<p>Viele B\u00fcrgerinnen und B\u00fcrger engagieren sich f\u00fcr andere Menschen. Dieses Engagement unterst\u00fctzt das Bundesprogramm \u201eMenschen st\u00e4rken Menschen\u201c. Das Bundesfamilienministerium f\u00f6rdert und unterst\u00fctzt damit b\u00fcrgerschaftliches Engagement in Form von Patenschaften. Seit 2018 unterst\u00fctzt das Programm neben Gefl\u00fcchteten auch Patenschaften f\u00fcr Menschen, die sich in benachteiligenden Lebenssituationen befinden. Und seit 2019 ist auch der Ortsverein der AWO [&hellip;]<\/p>\n","protected":false},"author":1,"featured_media":0,"parent":0,"menu_order":0,"comment_status":"closed","ping_status":"closed","template":"","meta":{"footnotes":""},"class_list":["post-1237","page","type-page","status-publish","hentry"],"_links":{"self":[{"href":"https:\/\/www.awo-arzberg.de\/index.php?rest_route=\/wp\/v2\/pages\/1237","targetHints":{"allow":["GET"]}}],"collection":[{"href":"https:\/\/www.awo-arzberg.de\/index.php?rest_route=\/wp\/v2\/pages"}],"about":[{"href":"https:\/\/www.awo-arzberg.de\/index.php?rest_route=\/wp\/v2\/types\/page"}],"author":[{"embeddable":true,"href":"https:\/\/www.awo-arzberg.de\/index.php?rest_route=\/wp\/v2\/users\/1"}],"replies":[{"embeddable":true,"href":"https:\/\/www.awo-arzberg.de\/index.php?rest_route=%2Fwp%2Fv2%2Fcomments&post=1237"}],"version-history":[{"count":5,"href":"https:\/\/www.awo-arzberg.de\/index.php?rest_route=\/wp\/v2\/pages\/1237\/revisions"}],"predecessor-version":[{"id":1243,"href":"https:\/\/www.awo-arzberg.de\/index.php?rest_route=\/wp\/v2\/pages\/1237\/revisions\/1243"}],"wp:attachment":[{"href":"https:\/\/www.awo-arzberg.de\/index.php?rest_route=%2Fwp%2Fv2%2Fmedia&parent=1237"}],"curies":[{"name":"wp","href":"https:\/\/api.w.org\/{rel}","templated":true}]}}

Menschen stärken Menschen

<p><span style="font-family: arial,helvetica,sans-serif; font-size: 12pt;">Viele Bürgerinnen und Bürger engagieren sich für andere Menschen. Dieses Engagement unterstützt das Bundesprogramm „Menschen stärken Menschen“. Das Bundesfamilienministerium fördert und unterstützt damit bürgerschaftliches Engagement in Form von Patenschaften. Seit 2018 unterstützt das Programm neben Geflüchteten auch Patenschaften für Menschen, die sich in benachteiligenden Lebenssituationen befinden.</span></p>
<p><span style="font-family: arial,helvetica,sans-serif; font-size: 12pt;">Und seit 2019 ist auch der Ortsverein der AWO Arzberg e.V. mit dabei und einer von vielen Standorten in Deutschland an denen Menschen andere Menschen stärken. Das passiert bei uns im Rahmen der Aktionen der AWO Kids, der Aktivitäten jeden Samstag an der Tafel und in Patenschafte</span><span style="font-family: arial,helvetica,sans-serif; font-size: 12pt;">n fü</span><span style="font-family: arial,helvetica,sans-serif; font-size: 12pt;">r Ge</span><span style="font-family: arial, helvetica, sans-serif; font-size: 12pt;">flüchtete in Arzberg. </span></p>
<div id='gallery-1' class='gallery galleryid-1237 gallery-columns-1 gallery-size-medium'><figure class='gallery-item'>
			<div class='gallery-icon landscape'>
				<a href='https://www.awo-arzberg.de/wp-content/uploads/2020/11/IMG_0192.jpg'><img fetchpriority="high" decoding="async" width="400" height="267" src="https://www.awo-arzberg.de/wp-content/uploads/2020/11/IMG_0192-400x267.jpg" class="attachment-medium size-medium" alt="" aria-describedby="gallery-1-1262" srcset="https://www.awo-arzberg.de/wp-content/uploads/2020/11/IMG_0192-400x267.jpg 400w, https://www.awo-arzberg.de/wp-content/uploads/2020/11/IMG_0192-768x512.jpg 768w, https://www.awo-arzberg.de/wp-content/uploads/2020/11/IMG_0192-1024x683.jpg 1024w, https://www.awo-arzberg.de/wp-content/uploads/2020/11/IMG_0192-90x60.jpg 90w" sizes="(max-width: 400px) 100vw, 400px" /></a>
			</div>
				<figcaption class='wp-caption-text gallery-caption' id='gallery-1-1262'>
				AWO Kids mit Urkunden 
				</figcaption></figure>
		</div>

<p style="text-align: justify;"><span style="font-family: arial,helvetica,sans-serif; font-size: 12pt;">Mehr Infos daz</span><span style="font-family: arial, helvetica, sans-serif; font-size: 12pt;">u bei Hanna Keding oder Steffi Wagner.</span></p>
<p><span style="font-family: arial,helvetica,sans-serif; font-size: 12pt;">Mehr zum Projekt auf Bundeseben <a href="https://www.bmfsfj.de/bmfsfj/themen/engagement-und-gesellschaft/engagement-staerken/menschen-staerken-menschen">hier</a></span></p>
<p><img decoding="async" class="alignnone wp-image-1233" src="https://www.awo-arzberg.de/wp-content/uploads/2020/08/MSM_Patenschaftsprogramm_Logo_RGB-400x400.jpg" alt="" width="274" height="250" /> <img decoding="async" class="alignnone wp-image-1232" src="https://www.awo-arzberg.de/wp-content/uploads/2020/08/BMFSFJ-gefördert-vom-400x282.jpg" alt="" width="295" height="217" /></p>

<p>Viele Bürgerinnen und Bürger engagieren sich für andere Menschen. Dieses Engagement unterstützt das Bundesprogramm „Menschen stärken Menschen“. Das Bundesfamilienministerium fördert und unterstützt damit bürgerschaftliches Engagement in Form von Patenschaften. Seit 2018 unterstützt das Programm neben Geflüchteten auch Patenschaften für Menschen, die sich in benachteiligenden Lebenssituationen befinden. Und seit 2019 ist auch der Ortsverein der AWO [&hellip;]</p>
