{"id":191,"date":"2017-05-21T16:31:00","date_gmt":"2017-05-21T14:31:00","guid":{"rendered":"https:\/\/www.awo-arzberg.de\/?page_id=191"},"modified":"2019-07-23T10:37:16","modified_gmt":"2019-07-23T08:37:16","slug":"kontakt","status":"publish","type":"page","link":"https:\/\/www.awo-arzberg.de\/?page_id=191","title":{"rendered":"Kontakt"},"content":{"rendered":"<p style=\"text-align: justify;\"><img decoding=\"async\" class=\"wp-image-196 alignright\" src=\"https:\/\/www.awo-arzberg.de\/wp-content\/uploads\/2017\/05\/kontaktsymbol.jpg\" alt=\"\" width=\"204\" height=\"127\" \/><span style=\"font-family: arial,helvetica,sans-serif; font-size: 12pt;\">Sie haben hier die M\u00f6glichkeit mit uns Kontakt aufzunehmen. Bitte f\u00fcllen Sie wenn m\u00f6glich alle Felder aus. Felder, die mit einem kleinen Stern <strong>*<\/strong> gekennzeichnet sind, m\u00fcssen ausgef\u00fcllt werden. Tragen Sie zum Schluss noch zwei Ziffern ein und bet\u00e4tigen Sie den Button \u201eSenden\u201c um die Nachricht an uns zu \u00fcbermitteln.<\/span><\/p>\n<hr \/>\n<p style=\"text-align: justify;\"><div id=\"vfb-form-1\" class=\"visual-form-builder-container\"><form id=\"kontaktformular-1\" class=\"visual-form-builder vfb-form-1 \" method=\"post\" enctype=\"multipart\/form-data\">\n\t  \t<input type=\"hidden\" name=\"form_id\" value=\"1\" \/><fieldset class=\"vfb-fieldset vfb-fieldset-1 kontaktformular \" id=\"item-vfb-12\"><div class=\"vfb-legend\"><h3>Kontaktformular<\/h3><\/div><ul class=\"vfb-section vfb-section-1\"><li class=\"vfb-item vfb-item-text  \" id=\"item-vfb-5\"><label for=\"vfb-5\" class=\"vfb-desc\">Organisation <\/label><input type=\"text\" name=\"vfb-5\" id=\"vfb-5\" value=\"\" class=\"vfb-text  vfb-medium   \" \/><\/li><li class=\"vfb-item vfb-item-text  \" id=\"item-vfb-6\"><label for=\"vfb-6\" class=\"vfb-desc\">Vorname, Name  <span class=\"vfb-required-asterisk\">*<\/span><\/label><input type=\"text\" name=\"vfb-6\" id=\"vfb-6\" value=\"\" class=\"vfb-text  vfb-medium  required  \" \/><\/li><li class=\"vfb-item vfb-item-text  \" id=\"item-vfb-7\"><label for=\"vfb-7\" class=\"vfb-desc\">Stra\u00dfe, Hausnummer <\/label><input type=\"text\" name=\"vfb-7\" id=\"vfb-7\" value=\"\" class=\"vfb-text  vfb-medium   \" \/><\/li><li class=\"vfb-item vfb-item-text  \" id=\"item-vfb-8\"><label for=\"vfb-8\" class=\"vfb-desc\">Plz, Ort <\/label><input type=\"text\" name=\"vfb-8\" id=\"vfb-8\" value=\"\" class=\"vfb-text  vfb-medium   \" \/><\/li><li class=\"vfb-item vfb-item-email  \" id=\"item-vfb-10\"><label for=\"vfb-10\" class=\"vfb-desc\">E-Mail Adresse  <span class=\"vfb-required-asterisk\">*<\/span><\/label><input type=\"email\" name=\"vfb-10\" id=\"vfb-10\" value=\"\" class=\"vfb-text  vfb-medium  required  email \" \/><\/li><li class=\"vfb-item vfb-item-textarea  \" id=\"item-vfb-11\"><label for=\"vfb-11\" class=\"vfb-desc\">Ihre Nachricht  <span class=\"vfb-required-asterisk\">*<\/span><\/label><div><textarea name=\"vfb-11\" id=\"vfb-11\" class=\"vfb-textarea  vfb-medium  required \"><\/textarea><\/div><\/li><\/ul>&nbsp;<\/fieldset><fieldset class=\"vfb-fieldset vfb-fieldset-2 sicherheitspruefung \" id=\"item-vfb-2\" style=\"display:block\"><div class=\"vfb-legend\"><h3>Sicherheitspr\u00fcfung<\/h3><\/div><ul class=\"vfb-section vfb-section-2\"><li class=\"vfb-item vfb-item-secret\"  style=\"display:block\"><label for=\"vfb-3\" class=\"vfb-desc\">Bitte 2 Zahlen schreiben * <span class=\"vfb-required-asterisk\">*<\/span><\/label><input type=\"hidden\" name=\"_vfb-secret\" value=\"vfb-3\" \/><input type=\"text\" name=\"vfb-3\" id=\"vfb-3\" value=\"\" class=\"vfb-text  vfb-medium  required {digits:true,maxlength:2,minlength:2} \" style=\"display:block\" \/><li style=\"display:none;\"><label>This box is for spam protection - &lt;strong&gt;please leave it blank&lt;\/strong&gt;:<\/label><div><input name=\"vfb-spam\" \/><\/div><\/li>\n\t\t\t<li class=\"vfb-item vfb-item-submit\" id=\"item-vfb-4\">\n\t\t\t\t<input type=\"submit\" name=\"vfb-submit\" id=\"vfb-4\" value=\"SENDEN\" class=\"vfb-submit \" \/>\n\t\t\t\t<\/li><\/ul>\n\t\t\t<\/fieldset><input type=\"hidden\" name=\"_wp_http_referer\" value=\"\/index.php?rest_route=%2Fwp%2Fv2%2Fpages%2F191\" \/><\/form><\/div> <!-- .visual-form-builder-container --><\/p>\n","protected":false},"excerpt":{"rendered":"<p>Sie haben hier die M\u00f6glichkeit mit uns Kontakt aufzunehmen. Bitte f\u00fcllen Sie wenn m\u00f6glich alle Felder aus. Felder, die mit einem kleinen Stern * gekennzeichnet sind, m\u00fcssen ausgef\u00fcllt werden. Tragen Sie zum Schluss noch zwei Ziffern ein und bet\u00e4tigen Sie den Button \u201eSenden\u201c um die Nachricht an uns zu \u00fcbermitteln.<\/p>\n","protected":false},"author":1,"featured_media":0,"parent":0,"menu_order":0,"comment_status":"closed","ping_status":"closed","template":"","meta":{"footnotes":""},"class_list":["post-191","page","type-page","status-publish","hentry"],"_links":{"self":[{"href":"https:\/\/www.awo-arzberg.de\/index.php?rest_route=\/wp\/v2\/pages\/191","targetHints":{"allow":["GET"]}}],"collection":[{"href":"https:\/\/www.awo-arzberg.de\/index.php?rest_route=\/wp\/v2\/pages"}],"about":[{"href":"https:\/\/www.awo-arzberg.de\/index.php?rest_route=\/wp\/v2\/types\/page"}],"author":[{"embeddable":true,"href":"https:\/\/www.awo-arzberg.de\/index.php?rest_route=\/wp\/v2\/users\/1"}],"replies":[{"embeddable":true,"href":"https:\/\/www.awo-arzberg.de\/index.php?rest_route=%2Fwp%2Fv2%2Fcomments&post=191"}],"version-history":[{"count":8,"href":"https:\/\/www.awo-arzberg.de\/index.php?rest_route=\/wp\/v2\/pages\/191\/revisions"}],"predecessor-version":[{"id":1087,"href":"https:\/\/www.awo-arzberg.de\/index.php?rest_route=\/wp\/v2\/pages\/191\/revisions\/1087"}],"wp:attachment":[{"href":"https:\/\/www.awo-arzberg.de\/index.php?rest_route=%2Fwp%2Fv2%2Fmedia&parent=191"}],"curies":[{"name":"wp","href":"https:\/\/api.w.org\/{rel}","templated":true}]}}