{"id":420,"date":"2017-06-28T10:49:37","date_gmt":"2017-06-28T08:49:37","guid":{"rendered":"https:\/\/www.awo-arzberg.de\/?page_id=420"},"modified":"2019-07-23T10:38:04","modified_gmt":"2019-07-23T08:38:04","slug":"koordinatorin-freiwilliges-engagement","status":"publish","type":"page","link":"https:\/\/www.awo-arzberg.de\/?page_id=420","title":{"rendered":"Koordinator\/in freiwilliges Engagement"},"content":{"rendered":"<p><span style=\"font-family: arial,helvetica,sans-serif; font-size: 12pt;\"><strong><u>Stellenbeschreibung<\/u><\/strong><\/span><\/p>\n<p><span style=\"font-family: arial,helvetica,sans-serif; font-size: 12pt;\"><strong>T\u00e4tigkeitsbezeichnung: Koordinator\/in Freiwilliges Engagement f\u00fcr Fl\u00fcchtlinge<\/strong><\/span><\/p>\n<p><span style=\"font-family: arial,helvetica,sans-serif; font-size: 12pt;\"><img fetchpriority=\"high\" decoding=\"async\" class=\"alignnone size-medium wp-image-416\" src=\"https:\/\/www.awo-arzberg.de\/wp-content\/uploads\/2017\/06\/Stellenanzeige-Juni-17-400x311.jpg\" alt=\"\" width=\"400\" height=\"311\" \/><\/span><\/p>\n<p>&nbsp;<\/p>\n<p>&nbsp;<\/p>\n<p><span style=\"font-family: arial,helvetica,sans-serif; font-size: 12pt;\">Eingruppierung: EG S 10 S1 TV AWO Bayern<\/span><\/p>\n<p><span style=\"font-family: arial,helvetica,sans-serif; font-size: 12pt;\">Einsatzort (Projekttr\u00e4ger): AWO Arzberg\/Schirnding e.V.,<\/span><\/p>\n<p><span style=\"font-family: arial,helvetica,sans-serif; font-size: 12pt;\">Thiersheimer Strasse 1, 95659 Arzberg<\/span><\/p>\n<p><span style=\"font-family: arial,helvetica,sans-serif; font-size: 12pt;\">Arbeitszeit(anteil): 50 %<\/span><\/p>\n<p><span style=\"font-family: arial,helvetica,sans-serif; font-size: 12pt;\">Zeitpunkt: ab 01.08.2017<\/span><\/p>\n<table>\n<tbody>\n<tr>\n<td width=\"663\"><span style=\"font-family: arial,helvetica,sans-serif; font-size: 12pt;\"><strong>Aufgaben:<\/strong><\/span><\/p>\n<p><span style=\"font-family: arial,helvetica,sans-serif; font-size: 12pt;\">&#8211;\u00a0\u00a0\u00a0\u00a0\u00a0\u00a0 Initiierung und Begleitung von Kleinprojekten<\/span><\/p>\n<p><span style=\"font-family: arial,helvetica,sans-serif; font-size: 12pt;\">&#8211;\u00a0\u00a0\u00a0\u00a0\u00a0\u00a0 Planung und Durchf\u00fchrung von Informationsveranstaltungen zur Gewinnung von Freiwilligen, Organisation und Durchf\u00fchrung von Schulungen, Fachberatungen etc. zur Fortbildung der Ehrenamtlichen bzw. auch zur Unterst\u00fctzung der Hauptamtlichen, die mit Ehrenamtlichen zusammenarbeiten<\/span><\/p>\n<p><span style=\"font-family: arial,helvetica,sans-serif; font-size: 12pt;\">&#8211;\u00a0\u00a0\u00a0\u00a0\u00a0\u00a0 Erarbeitung geeigneter Schulungsmaterialien, Planung von Schulungen und Entwicklung von Konzepten in Zusammenarbeit mit der Zentralstelle<\/span><\/p>\n<p><span style=\"font-family: arial,helvetica,sans-serif; font-size: 12pt;\">&#8211;\u00a0\u00a0\u00a0\u00a0\u00a0\u00a0 Kontakt und Informationsweiterleitung an die Zentralstelle<\/span><\/p>\n<p><span style=\"font-family: arial,helvetica,sans-serif; font-size: 12pt;\">&#8211;\u00a0\u00a0\u00a0\u00a0\u00a0\u00a0 Teilnahme an Veranstaltungen und an Arbeitsgruppen (Freiwilligenarbeit in der Fl\u00fcchtlingsarbeit) der BAGFW und der Zentralstelle<\/span><\/p>\n<p><span style=\"font-family: arial,helvetica,sans-serif; font-size: 12pt;\">&#8211;\u00a0\u00a0\u00a0\u00a0\u00a0 Sicherstellung der regionalen Nachhaltigkeit und Akquise zuk\u00fcnftiger potenzieller F\u00f6rdermittel<\/span><\/p>\n<p>&nbsp;<\/td>\n<\/tr>\n<tr>\n<td width=\"663\"><span style=\"font-family: arial,helvetica,sans-serif; font-size: 12pt;\"><strong>Anforderungsprofil:<\/strong><\/span><\/p>\n<p><span style=\"font-family: arial,helvetica,sans-serif; font-size: 12pt;\">&#8211;\u00a0\u00a0\u00a0\u00a0\u00a0\u00a0 Hochschulabschluss oder durch Berufserfahrung erworbene vergleichbare Kompetenzen<\/span><\/p>\n<p><span style=\"font-family: arial,helvetica,sans-serif; font-size: 12pt;\">&#8211;\u00a0\u00a0\u00a0\u00a0\u00a0\u00a0 Erfahrung in folgenden Bereichen:<\/span><\/p>\n<p><span style=\"font-family: arial,helvetica,sans-serif; font-size: 12pt;\"><strong>o<\/strong>\u00a0\u00a0 Projektarbeit<\/span><\/p>\n<p><span style=\"font-family: arial,helvetica,sans-serif; font-size: 12pt;\"><strong>o<\/strong>\u00a0\u00a0 Freiwilligenmanagement<\/span><\/p>\n<p><span style=\"font-family: arial,helvetica,sans-serif; font-size: 12pt;\"><strong>o<\/strong>\u00a0\u00a0 Entwicklung von Fortbildungskonzepten<\/span><\/p>\n<p><span style=\"font-family: arial,helvetica,sans-serif; font-size: 12pt;\"><strong>o<\/strong>\u00a0\u00a0 Veranstaltungsorganisation und -leitung<\/span><\/p>\n<p><span style=\"font-family: arial,helvetica,sans-serif; font-size: 12pt;\">&#8211;\u00a0\u00a0\u00a0\u00a0\u00a0\u00a0 Kenntnisse projektbezogener \u00d6ffentlichkeits- und Gremienarbeit<\/span><\/p>\n<p><span style=\"font-family: arial,helvetica,sans-serif; font-size: 12pt;\">&#8211;\u00a0\u00a0\u00a0\u00a0\u00a0\u00a0 interkulturelle Kompetenz sowie gute kommunikative und Akquisekompetenzen<\/span><\/p>\n<p><span style=\"font-family: arial,helvetica,sans-serif; font-size: 12pt;\">&#8211;\u00a0\u00a0\u00a0\u00a0\u00a0\u00a0 F\u00e4higkeit zu aktiver Teilnahme an \u00f6ffentlichkeitswirksamen Veranstaltungen<\/span><\/td>\n<\/tr>\n<\/tbody>\n<\/table>\n<p>&nbsp;<\/p>\n<p><span style=\"font-family: arial,helvetica,sans-serif; font-size: 12pt;\"><strong>Bewerbungen an:<\/strong><\/span><\/p>\n<p><span style=\"font-family: arial,helvetica,sans-serif; font-size: 12pt;\">AWO Arzberg\/Schirnding e.V.<\/span><\/p>\n<p><span style=\"font-family: arial,helvetica,sans-serif; font-size: 12pt;\">z.Hd. Herr Alexander Wagner<\/span><\/p>\n<p><span style=\"font-family: arial,helvetica,sans-serif; font-size: 12pt;\">Thiersheimer Strasse 1<\/span><\/p>\n<p><span style=\"font-family: arial,helvetica,sans-serif; font-size: 12pt;\">95659 Arzberg<\/span><\/p>\n<p><span style=\"font-family: arial,helvetica,sans-serif; font-size: 12pt;\">wagner@awo-arzberg.de<\/span><\/p>\n","protected":false},"excerpt":{"rendered":"<p>Stellenbeschreibung T\u00e4tigkeitsbezeichnung: Koordinator\/in Freiwilliges Engagement f\u00fcr Fl\u00fcchtlinge &nbsp; &nbsp; Eingruppierung: EG S 10 S1 TV AWO Bayern Einsatzort (Projekttr\u00e4ger): AWO Arzberg\/Schirnding e.V., Thiersheimer Strasse 1, 95659 Arzberg Arbeitszeit(anteil): 50 % Zeitpunkt: ab 01.08.2017 Aufgaben: &#8211;\u00a0\u00a0\u00a0\u00a0\u00a0\u00a0 Initiierung und Begleitung von Kleinprojekten &#8211;\u00a0\u00a0\u00a0\u00a0\u00a0\u00a0 Planung und Durchf\u00fchrung von Informationsveranstaltungen zur Gewinnung von Freiwilligen, Organisation und Durchf\u00fchrung von Schulungen, [&hellip;]<\/p>\n","protected":false},"author":1,"featured_media":0,"parent":0,"menu_order":0,"comment_status":"closed","ping_status":"closed","template":"","meta":{"footnotes":""},"class_list":["post-420","page","type-page","status-publish","hentry"],"_links":{"self":[{"href":"https:\/\/www.awo-arzberg.de\/index.php?rest_route=\/wp\/v2\/pages\/420","targetHints":{"allow":["GET"]}}],"collection":[{"href":"https:\/\/www.awo-arzberg.de\/index.php?rest_route=\/wp\/v2\/pages"}],"about":[{"href":"https:\/\/www.awo-arzberg.de\/index.php?rest_route=\/wp\/v2\/types\/page"}],"author":[{"embeddable":true,"href":"https:\/\/www.awo-arzberg.de\/index.php?rest_route=\/wp\/v2\/users\/1"}],"replies":[{"embeddable":true,"href":"https:\/\/www.awo-arzberg.de\/index.php?rest_route=%2Fwp%2Fv2%2Fcomments&post=420"}],"version-history":[{"count":2,"href":"https:\/\/www.awo-arzberg.de\/index.php?rest_route=\/wp\/v2\/pages\/420\/revisions"}],"predecessor-version":[{"id":1088,"href":"https:\/\/www.awo-arzberg.de\/index.php?rest_route=\/wp\/v2\/pages\/420\/revisions\/1088"}],"wp:attachment":[{"href":"https:\/\/www.awo-arzberg.de\/index.php?rest_route=%2Fwp%2Fv2%2Fmedia&parent=420"}],"curies":[{"name":"wp","href":"https:\/\/api.w.org\/{rel}","templated":true}]}}

<p><span style="font-family: arial,helvetica,sans-serif; font-size: 12pt;"><strong><u>Stellenbeschreibung</u></strong></span></p>
<p><span style="font-family: arial,helvetica,sans-serif; font-size: 12pt;"><strong>Tätigkeitsbezeichnung: Koordinator/in Freiwilliges Engagement für Flüchtlinge</strong></span></p>
<p><span style="font-family: arial,helvetica,sans-serif; font-size: 12pt;"><img fetchpriority="high" decoding="async" class="alignnone size-medium wp-image-416" src="https://www.awo-arzberg.de/wp-content/uploads/2017/06/Stellenanzeige-Juni-17-400x311.jpg" alt="" width="400" height="311" /></span></p>
<p>&nbsp;</p>
<p>&nbsp;</p>
<p><span style="font-family: arial,helvetica,sans-serif; font-size: 12pt;">Eingruppierung: EG S 10 S1 TV AWO Bayern</span></p>
<p><span style="font-family: arial,helvetica,sans-serif; font-size: 12pt;">Einsatzort (Projektträger): AWO Arzberg/Schirnding e.V.,</span></p>
<p><span style="font-family: arial,helvetica,sans-serif; font-size: 12pt;">Thiersheimer Strasse 1, 95659 Arzberg</span></p>
<p><span style="font-family: arial,helvetica,sans-serif; font-size: 12pt;">Arbeitszeit(anteil): 50 %</span></p>
<p><span style="font-family: arial,helvetica,sans-serif; font-size: 12pt;">Zeitpunkt: ab 01.08.2017</span></p>
<table>
<tbody>
<tr>
<td width="663"><span style="font-family: arial,helvetica,sans-serif; font-size: 12pt;"><strong>Aufgaben:</strong></span></p>
<p><span style="font-family: arial,helvetica,sans-serif; font-size: 12pt;">&#8211;       Initiierung und Begleitung von Kleinprojekten</span></p>
<p><span style="font-family: arial,helvetica,sans-serif; font-size: 12pt;">&#8211;       Planung und Durchführung von Informationsveranstaltungen zur Gewinnung von Freiwilligen, Organisation und Durchführung von Schulungen, Fachberatungen etc. zur Fortbildung der Ehrenamtlichen bzw. auch zur Unterstützung der Hauptamtlichen, die mit Ehrenamtlichen zusammenarbeiten</span></p>
<p><span style="font-family: arial,helvetica,sans-serif; font-size: 12pt;">&#8211;       Erarbeitung geeigneter Schulungsmaterialien, Planung von Schulungen und Entwicklung von Konzepten in Zusammenarbeit mit der Zentralstelle</span></p>
<p><span style="font-family: arial,helvetica,sans-serif; font-size: 12pt;">&#8211;       Kontakt und Informationsweiterleitung an die Zentralstelle</span></p>
<p><span style="font-family: arial,helvetica,sans-serif; font-size: 12pt;">&#8211;       Teilnahme an Veranstaltungen und an Arbeitsgruppen (Freiwilligenarbeit in der Flüchtlingsarbeit) der BAGFW und der Zentralstelle</span></p>
<p><span style="font-family: arial,helvetica,sans-serif; font-size: 12pt;">&#8211;      Sicherstellung der regionalen Nachhaltigkeit und Akquise zukünftiger potenzieller Fördermittel</span></p>
<p>&nbsp;</td>
</tr>
<tr>
<td width="663"><span style="font-family: arial,helvetica,sans-serif; font-size: 12pt;"><strong>Anforderungsprofil:</strong></span></p>
<p><span style="font-family: arial,helvetica,sans-serif; font-size: 12pt;">&#8211;       Hochschulabschluss oder durch Berufserfahrung erworbene vergleichbare Kompetenzen</span></p>
<p><span style="font-family: arial,helvetica,sans-serif; font-size: 12pt;">&#8211;       Erfahrung in folgenden Bereichen:</span></p>
<p><span style="font-family: arial,helvetica,sans-serif; font-size: 12pt;"><strong>o</strong>   Projektarbeit</span></p>
<p><span style="font-family: arial,helvetica,sans-serif; font-size: 12pt;"><strong>o</strong>   Freiwilligenmanagement</span></p>
<p><span style="font-family: arial,helvetica,sans-serif; font-size: 12pt;"><strong>o</strong>   Entwicklung von Fortbildungskonzepten</span></p>
<p><span style="font-family: arial,helvetica,sans-serif; font-size: 12pt;"><strong>o</strong>   Veranstaltungsorganisation und -leitung</span></p>
<p><span style="font-family: arial,helvetica,sans-serif; font-size: 12pt;">&#8211;       Kenntnisse projektbezogener Öffentlichkeits- und Gremienarbeit</span></p>
<p><span style="font-family: arial,helvetica,sans-serif; font-size: 12pt;">&#8211;       interkulturelle Kompetenz sowie gute kommunikative und Akquisekompetenzen</span></p>
<p><span style="font-family: arial,helvetica,sans-serif; font-size: 12pt;">&#8211;       Fähigkeit zu aktiver Teilnahme an öffentlichkeitswirksamen Veranstaltungen</span></td>
</tr>
</tbody>
</table>
<p>&nbsp;</p>
<p><span style="font-family: arial,helvetica,sans-serif; font-size: 12pt;"><strong>Bewerbungen an:</strong></span></p>
<p><span style="font-family: arial,helvetica,sans-serif; font-size: 12pt;">AWO Arzberg/Schirnding e.V.</span></p>
<p><span style="font-family: arial,helvetica,sans-serif; font-size: 12pt;">z.Hd. Herr Alexander Wagner</span></p>
<p><span style="font-family: arial,helvetica,sans-serif; font-size: 12pt;">Thiersheimer Strasse 1</span></p>
<p><span style="font-family: arial,helvetica,sans-serif; font-size: 12pt;">95659 Arzberg</span></p>
<p><span style="font-family: arial,helvetica,sans-serif; font-size: 12pt;">wagner@awo-arzberg.de</span></p>

<p>Stellenbeschreibung Tätigkeitsbezeichnung: Koordinator/in Freiwilliges Engagement für Flüchtlinge &nbsp; &nbsp; Eingruppierung: EG S 10 S1 TV AWO Bayern Einsatzort (Projektträger): AWO Arzberg/Schirnding e.V., Thiersheimer Strasse 1, 95659 Arzberg Arbeitszeit(anteil): 50 % Zeitpunkt: ab 01.08.2017 Aufgaben: &#8211;       Initiierung und Begleitung von Kleinprojekten &#8211;       Planung und Durchführung von Informationsveranstaltungen zur Gewinnung von Freiwilligen, Organisation und Durchführung von Schulungen, [&hellip;]</p>
